-3*d - 87 = 3*n, n + z = -3*d - n. Let f = -6 - d. What is the remainder when f is divided by 11?
10
Suppose 3*v = -h + 249, 0 = 4*v - 10*h + 5*h - 313. Calculate the remainder when v is divided by 4/(-6) - (-86)/3.
26
Let b(p) = -76*p**3 - 5*p - 4. What is the remainder when 139 is divided by b(-1)?
62
Suppose 13*z - 361 = 497. What is the remainder when z is divided by 20?
6
Let b(f) = 2*f**2 - 8*f - 132. What is the remainder when 267 is divided by b(13)?
63
Let b = 1194 + -1147. What is the remainder when b is divided by 21?
5
Let u(y) = 5*y. Suppose 2*n - 3 = -1. Let j = 27 + -18. Calculate the remainder when j is divided by u(n).
4
Let d(b) = b**3 + 9*b**2 - 40*b + 4. Calculate the remainder when d(-12) is divided by 5.
2
Suppose 4*m + 113 = -4*b + 505, -2*b + 94 = m. Let j(x) = -x**3 + 6*x**2 - 3*x + 3. Calculate the remainder when m is divided by j(5).
11
Let u = 263 + -233. What is the remainder when 357 is divided by u?
27
Let w(v) = 10*v + 9. Let b be w(-2). What is the remainder when 49 is divided by (-84)/(-35) - 4/10 - b?
10
Suppose -14 - 2 = -h. Suppose 5*u = 3*u + 60. Calculate the remainder when u is divided by h.
14
Let d(i) = 8*i**2 - 3*i**2 - i**3 + 2*i**3 - i + 5. Calculate the remainder when 19 is divided by d(-5).
9
Let w(v) = v**2 - 70*v + 635. Calculate the remainder when w(10) is divided by 25.
10
Let u(a) = -4*a**2 + 7*a + 181. Calculate the remainder when u(0) is divided by 92.
89
Let b(y) = y**2 - 9*y + 5. Calculate the remainder when b(12) is divided by (-8)/6 - (-1190)/51.
19
Let c(l) = l**2 + 5*l + 10. Calculate the remainder when 159 is divided by c(-6).
15
Suppose 2*q - 7*q = 0. Suppose 2*r - 29 = 2*j - 3*j, q = -2*j + 2*r + 40. Suppose -3*z - 134 = -5*z. What is the remainder when z is divided by j?
21
Suppose 0 = -3*w + 4*x + 355, 3*w + 2*x = 2*w + 105. What is the remainder when w is divided by 29?
26
What is the remainder when ((-96)/(-5))/((-12)/(-200)) + -1 is divided by 23?
20
Let y = -46 - -36. Suppose 4*o - 5*k = 33, -4*k - k = 25. Calculate the remainder when (-18)/(-30)*1/((-1)/y) is divided by o.
0
Suppose -3*a + 23*q = 28*q - 988, 0 = -2*q + 10. Calculate the remainder when a is divided by 18.
15
What is the remainder when 4 + 3/(3/47) is divided by 28?
23
Suppose -2*f + 31 = 23. Calculate the remainder when 5 is divided by f.
1
Suppose 7*r + 3*f - 97 = 5*r, 3*f + 103 = 2*r. Calculate the remainder when r is divided by 14.
8
Let i = 3 + -5. Let l = 6 + i. Suppose l*s + 25 = 9*s. What is the remainder when 13 is divided by s?
3
Let u = 15 + -15. Suppose 2*v - 32 = 2*p, 16 = v - u*p + p. Suppose 4*c - 4*z - 124 = 0, -2*c + 2*z + 91 = c. What is the remainder when c is divided by v?
13
Let b = 59 + -24. Calculate the remainder when 94 is divided by b.
24
Let m = 90 - 52. Suppose -6*g = -10 - m. Calculate the remainder when 111 is divided by g.
7
Suppose 0 = n + c - 66, -4*n = -4*c + 2*c - 264. Calculate the remainder when 326 is divided by n.
62
Let y = 161 + -99. What is the remainder when y is divided by 21?
20
Suppose -9*t = -587 - 97. What is the remainder when t is divided by 3?
1
Suppose -2*h + 68 = -j, 61 = 3*h + 2*j - 41. Calculate the remainder when h is divided by (17/(-34))/((21/(-30))/7).
4
Calculate the remainder when ((-301)/4)/(11/(-44)*1) is divided by 31.
22
Let q = 107 + -73. Let l = -1483 + 1495. Calculate the remainder when q is divided by l.
10
Let f(l) = 18*l**2 - 3*l - 2. Suppose -9*a - 1 - 8 = 0. Let z(c) = c**2 - 13. Calculate the remainder when z(-8) is divided by f(a).
13
Let f = -145 - -153. Suppose 7*o - f*o - 16 = -q, 0 = -3*q + 2*o + 47. Let n(x) = -11*x - 9. What is the remainder when n(-6) is divided by q?
12
Let j be -5*(-2)/(6/3). Let a(m) = -m**3 + 4*m**2 + 6*m + 1. What is the remainder when a(j) is divided by (70/42)/(5/6) - -1?
0
Suppose -412*x = -410*x - 42. Calculate the remainder when 353 is divided by x.
17
Suppose 0 = 8*s - 23 + 71. Calculate the remainder when 78/4 + s*(-3)/(-12) is divided by 7.
4
Suppose -4*s + 0*s + 24 = 0. Let i(x) = x**2 + 3*x + 5. Calculate the remainder when i(s) is divided by 20.
19
Let c = -2301 + 2309. What is the remainder when 71 is divided by c?
7
Suppose 151 = 7*c - 255. Let x = c + -35. What is the remainder when x is divided by 5?
3
Suppose 0 = -5*j - n - 20, -2*j - 4*n - 1 = 25. Calculate the remainder when j/((-246)/80 + 3) is divided by 14.
12
Let f be 4 - 2 - (-3 - (0 - 2)). Calculate the remainder when (19 - 6 - f)/(4/6) is divided by 8.
7
Suppose 15*g - 2442 = -7*g. Calculate the remainder when 325 is divided by g.
103
Let t = 0 + 4. Let a(s) = s**3 - 3*s**2 + 3*s - 5. Let b(j) = 9*j - 30. What is the remainder when a(t) is divided by b(4)?
5
Let b be -26*(-194)/12 + 1/(-3). What is the remainder when (-5)/(125/b)*-5 is divided by 22?
18
Suppose -5*s + 54 = -21. Let n = 30 - s. What is the remainder when 9 is divided by n/9 + (-1)/(-3)?
1
Let z = -15 + 21. Suppose -z*j + 85 = -j. Suppose t - 132 = -4*o, t = 3*t. What is the remainder when o is divided by j?
16
Let s = 663 - 636. What is the remainder when 50 is divided by s?
23
Suppose -184 = -4*h - 2*r, -5*h - 4*r = 58 - 291. What is the remainder when h is divided by 8?
5
Let x(z) = 27*z + 482. Calculate the remainder when x(-9) is divided by 20.
19
Calculate the remainder when 201 is divided by -3 - (-588)/9 - (-2)/3.
12
Let p(s) = 2*s**2 + 10*s + 3. Let w be p(-5). Suppose 20 = -j + w*j. Suppose j = 2*o - 96. What is the remainder when o is divided by 14?
11
Let x = 986 + -960. Calculate the remainder when 960 is divided by x.
24
Let x = -39 - -86. Suppose -2 = g - 14. Calculate the remainder when x is divided by g.
11
Let n be (15/(-10))/((-9)/12). Let p be (-6)/((-1)/n - 1). Suppose 11 = p*v - 13. What is the remainder when 15 is divided by v?
3
Suppose -32*o + 63*o = 589. Calculate the remainder when 623 is divided by o.
15
Let d(t) = t**3 + t**2 - 42*t + 1. What is the remainder when d(7) is divided by 25?
24
Let j = -112 - -191. Let v(w) = -w - 3. Let p(m) = m**2 - 25*m + 43. Let z be p(22). Calculate the remainder when j is divided by v(z).
19
Let w be (12/(-54) + (-50)/18)*-1. Suppose w*g = g + 44. What is the remainder when g is divided by 4?
2
What is the remainder when 1/(-3)*-1557 + -10 is divided by 19?
15
Let o be ((-7)/2)/((-3)/18*3). Suppose -o*t + 77 = -63. What is the remainder when t is divided by 13?
7
Let o(k) = -k**3 + 21*k**2 - 13*k - 58. What is the remainder when o(18) is divided by 12?
8
Suppose 1336*q + 12 = 1342*q. Calculate the remainder when 24 is divided by q.
0
Suppose 5*k - 29 + 4 = 0. Let j = 7 + k. What is the remainder when 21 is divided by j?
9
Let z = 77 - 25. Let l be -7*(3 + (-50)/14). Suppose -3*x + 76 = q, 0*q = -2*x - l*q + 34. What is the remainder when z is divided by x?
25
Let m = -19 - -19. Let h(f) = -f**3 - f**2 - f + 31. Calculate the remainder when h(m) is divided by 2/((12/33)/2).
9
Suppose 0 = 6*y - 10*y. Let v be (y + -1)*(-18)/6. Suppose 0 = -2*k - 3*k + v*p + 97, 5*p + 20 = 0. Calculate the remainder when k is divided by 9.
8
Suppose 2*k = -5 - 133. Suppose -99 = -n + 20. Let j = k + n. What is the remainder when j is divided by 26?
24
Suppose -t + 35 = 5*q + t, -4*t - 65 = -5*q. Suppose -30*o = -13*o - 1054. What is the remainder when o is divided by q?
8
Suppose 5*b + 0*b + 4*s - 46 = 0, 2*s - 14 = -b. Suppose -2*m + b*m = 48. What is the remainder when 82 is divided by m?
10
Suppose -6*j - 9 = -9*j. Let l(h) = h**3 - 3*h**2 - h + 1. Let d be l(3). Calculate the remainder when 10 + d + 0 - 1 - -3 is divided by j.
1
Let j = -1737 + 1751. Calculate the remainder when 781 is divided by j.
11
Suppose -119*n + 19106 = -78*n. Calculate the remainder when n is divided by 79.
71
Let l(t) = -t**3 + 9*t + 2. Suppose 0*z = -2*z. Suppose z*x = x - 16. Calculate the remainder when l(-4) is divided by x.
14
Let u = 24 - 31. Let k = u + 11. Suppose 0 = j - k*j + 75. What is the remainder when j is divided by 14?
11
Calculate the remainder when 140 is divided by (-290)/(-6) + 85/(-255).
44
Let i = 403 - 385. Calculate the remainder when 84 is divided by i.
12
Let t(j) = -j**3 + 2*j**2 - 2. Suppose -h = 10*h - 1441. Suppose f - 4*b - 33 = 0, 4*b - h = -2*f - b. What is the remainder when f is divided by t(-2)?
11
Suppos